{"id":1378,"date":"2024-08-08T14:47:47","date_gmt":"2024-08-08T17:47:47","guid":{"rendered":"https:\/\/aikidobertioga.com.br\/?page_id=1378"},"modified":"2024-08-09T18:33:54","modified_gmt":"2024-08-09T21:33:54","slug":"beneficios","status":"publish","type":"page","link":"https:\/\/aikidobertioga.com.br\/index.php\/beneficios\/","title":{"rendered":"Trabalha o fisico"},"content":{"rendered":"\t\t<div data-elementor-type=\"wp-page\" data-elementor-id=\"1378\" class=\"elementor elementor-1378\">\n\t\t\t\t<div class=\"elementor-element elementor-element-cce2994 e-flex e-con-boxed e-con e-parent\" data-id=\"cce2994\" data-element_type=\"container\" data-e-type=\"container\">\n\t\t\t\t\t<div class=\"e-con-inner\">\n\t\t<div class=\"elementor-element elementor-element-cb255c0 e-con-full e-flex e-con e-child\" data-id=\"cb255c0\" data-element_type=\"container\" data-e-type=\"container\">\n\t\t\t\t<div class=\"elementor-element elementor-element-7752e59 elementor-widget elementor-widget-heading\" data-id=\"7752e59\" data-element_type=\"widget\" data-e-type=\"widget\" data-widget_type=\"heading.default\">\n\t\t\t\t<div class=\"elementor-widget-container\">\n\t\t\t\t\t<h2 class=\"elementor-heading-title elementor-size-default\">Trabalha o f\u00edsico e tonifica os m\u00fasculos<\/h2>\t\t\t\t<\/div>\n\t\t\t\t<\/div>\n\t\t\t\t<\/div>\n\t\t\t\t\t<\/div>\n\t\t\t\t<\/div>\n\t\t<div class=\"elementor-element elementor-element-4cd005e e-flex e-con-boxed e-con e-parent\" data-id=\"4cd005e\" data-element_type=\"container\" data-e-type=\"container\">\n\t\t\t\t\t<div class=\"e-con-inner\">\n\t\t<div class=\"elementor-element elementor-element-c8b8a46 e-con-full e-flex e-con e-child\" data-id=\"c8b8a46\" data-element_type=\"container\" data-e-type=\"container\">\n\t\t<div class=\"elementor-element elementor-element-da245c3 e-con-full e-flex e-con e-child\" data-id=\"da245c3\" data-element_type=\"container\" data-e-type=\"container\">\n\t\t\t\t<div class=\"elementor-element elementor-element-38f3a66 elementor-widget elementor-widget-text-editor\" data-id=\"38f3a66\" data-element_type=\"widget\" data-e-type=\"widget\" data-widget_type=\"text-editor.default\">\n\t\t\t\t<div class=\"elementor-widget-container\">\n\t\t\t\t\t\t\t\t\t<p>A pr\u00e1tica do Aikido oferece uma ampla gama de benef\u00edcios para a sa\u00fade f\u00edsica e mental. Em primeiro lugar, <a>melhora a coordena\u00e7\u00e3o e o equil\u00edbrio, ajudando a desenvolver um controle corporal preciso.\u00a0<\/a><\/p>\n<p><a>Em segundo lugar, promove a flexibilidade e a for\u00e7a, contribuindo para uma condi\u00e7\u00e3o f\u00edsica em geral excelente. Al\u00e9m disso, o Aikido \u00e9 um \u00f3timo meio de reduzir o estresse e aumentar a concentra\u00e7\u00e3o, devido ao seu foco na harmonia e na presen\u00e7a mental.\u00a0<\/a><\/p>\n<p>Atrav\u00e9s da pr\u00e1tica regular, voc\u00ea aprender\u00e1 manter a calma e a clareza em situa\u00e7\u00f5es desafiadoras, o que pode ser altamente ben\u00e9fico tanto no Dojo quanto na vida cotidiana.\u00a0<\/p>\n<p>O Aikido tamb\u00e9m incentiva o desenvolvimento de habilidades sociais e a constru\u00e7\u00e3o de uma comunidade de apoio, proporcionando um ambiente de aprendizado colaborativo e respeitoso.<\/p>\t\t\t\t\t\t\t\t<\/div>\n\t\t\t\t<\/div>\n\t\t\t\t<\/div>\n\t\t\t\t<\/div>\n\t\t<div class=\"elementor-element elementor-element-838df60 e-con-full e-flex e-con e-child\" data-id=\"838df60\" data-element_type=\"container\" data-e-type=\"container\">\n\t\t\t\t<div class=\"elementor-element elementor-element-a8f5c17 elementor-widget elementor-widget-image\" data-id=\"a8f5c17\" data-element_type=\"widget\" data-e-type=\"widget\" data-widget_type=\"image.default\">\n\t\t\t\t<div class=\"elementor-widget-container\">\n\t\t\t\t\t\t\t\t\t\t\t\t\t\t\t<img fetchpriority=\"high\" decoding=\"async\" width=\"800\" height=\"535\" src=\"https:\/\/aikidobertioga.com.br\/wp-content\/uploads\/2024\/08\/2007-1024x685.jpg\" class=\"attachment-large size-large wp-image-1758\" alt=\"\" srcset=\"https:\/\/aikidobertioga.com.br\/wp-content\/uploads\/2024\/08\/2007-1024x685.jpg 1024w, https:\/\/aikidobertioga.com.br\/wp-content\/uploads\/2024\/08\/2007-300x201.jpg 300w, https:\/\/aikidobertioga.com.br\/wp-content\/uploads\/2024\/08\/2007-768x513.jpg 768w, https:\/\/aikidobertioga.com.br\/wp-content\/uploads\/2024\/08\/2007-1536x1027.jpg 1536w, https:\/\/aikidobertioga.com.br\/wp-content\/uploads\/2024\/08\/2007-2048x1369.jpg 2048w\" sizes=\"(max-width: 800px) 100vw, 800px\" \/>\t\t\t\t\t\t\t\t\t\t\t\t\t\t\t<\/div>\n\t\t\t\t<\/div>\n\t\t\t\t<\/div>\n\t\t\t\t\t<\/div>\n\t\t\t\t<\/div>\n\t\t\t\t<\/div>\n\t\t","protected":false},"excerpt":{"rendered":"<p>Trabalha o f\u00edsico e tonifica os m\u00fasculos A pr\u00e1tica do Aikido oferece uma ampla gama de benef\u00edcios para a sa\u00fade f\u00edsica e mental. Em primeiro lugar, melhora a coordena\u00e7\u00e3o e o equil\u00edbrio, ajudando a desenvolver um controle corporal preciso.\u00a0 Em segundo lugar, promove a flexibilidade e a for\u00e7a, contribuindo para uma condi\u00e7\u00e3o f\u00edsica em geral [&hellip;]<\/p>\n","protected":false},"author":1,"featured_media":0,"parent":0,"menu_order":0,"comment_status":"closed","ping_status":"closed","template":"","meta":{"_joinchat":[],"footnotes":""},"class_list":["post-1378","page","type-page","status-publish","hentry"],"yoast_head":"<!-- This site is optimized with the Yoast SEO plugin v26.9 - https:\/\/yoast.com\/product\/yoast-seo-wordpress\/ -->\n<title>Trabalha o fisico - Aikido Bertioga<\/title>\n<meta name=\"robots\" content=\"index, follow, max-snippet:-1, max-image-preview:large, max-video-preview:-1\" \/>\n<link rel=\"canonical\" href=\"https:\/\/aikidobertioga.com.br\/index.php\/beneficios\/\" \/>\n<meta property=\"og:locale\" content=\"pt_BR\" \/>\n<meta property=\"og:type\" content=\"article\" \/>\n<meta property=\"og:title\" content=\"Trabalha o fisico - Aikido Bertioga\" \/>\n<meta property=\"og:description\" content=\"Trabalha o f\u00edsico e tonifica os m\u00fasculos A pr\u00e1tica do Aikido oferece uma ampla gama de benef\u00edcios para a sa\u00fade f\u00edsica e mental. Em primeiro lugar, melhora a coordena\u00e7\u00e3o e o equil\u00edbrio, ajudando a desenvolver um controle corporal preciso.\u00a0 Em segundo lugar, promove a flexibilidade e a for\u00e7a, contribuindo para uma condi\u00e7\u00e3o f\u00edsica em geral [&hellip;]\" \/>\n<meta property=\"og:url\" content=\"https:\/\/aikidobertioga.com.br\/index.php\/beneficios\/\" \/>\n<meta property=\"og:site_name\" content=\"Aikido Bertioga\" \/>\n<meta property=\"article:modified_time\" content=\"2024-08-09T21:33:54+00:00\" \/>\n<meta property=\"og:image\" content=\"https:\/\/aikidobertioga.com.br\/wp-content\/uploads\/2024\/08\/2007-1024x685.jpg\" \/>\n<meta name=\"twitter:card\" content=\"summary_large_image\" \/>\n<meta name=\"twitter:label1\" content=\"Est. tempo de leitura\" \/>\n\t<meta name=\"twitter:data1\" content=\"1 minuto\" \/>\n<script type=\"application\/ld+json\" class=\"yoast-schema-graph\">{\"@context\":\"https:\/\/schema.org\",\"@graph\":[{\"@type\":\"WebPage\",\"@id\":\"https:\/\/aikidobertioga.com.br\/index.php\/beneficios\/\",\"url\":\"https:\/\/aikidobertioga.com.br\/index.php\/beneficios\/\",\"name\":\"Trabalha o fisico - Aikido Bertioga\",\"isPartOf\":{\"@id\":\"https:\/\/aikidobertioga.com.br\/#website\"},\"primaryImageOfPage\":{\"@id\":\"https:\/\/aikidobertioga.com.br\/index.php\/beneficios\/#primaryimage\"},\"image\":{\"@id\":\"https:\/\/aikidobertioga.com.br\/index.php\/beneficios\/#primaryimage\"},\"thumbnailUrl\":\"https:\/\/aikidobertioga.com.br\/wp-content\/uploads\/2024\/08\/2007-1024x685.jpg\",\"datePublished\":\"2024-08-08T17:47:47+00:00\",\"dateModified\":\"2024-08-09T21:33:54+00:00\",\"breadcrumb\":{\"@id\":\"https:\/\/aikidobertioga.com.br\/index.php\/beneficios\/#breadcrumb\"},\"inLanguage\":\"pt-BR\",\"potentialAction\":[{\"@type\":\"ReadAction\",\"target\":[\"https:\/\/aikidobertioga.com.br\/index.php\/beneficios\/\"]}]},{\"@type\":\"ImageObject\",\"inLanguage\":\"pt-BR\",\"@id\":\"https:\/\/aikidobertioga.com.br\/index.php\/beneficios\/#primaryimage\",\"url\":\"https:\/\/aikidobertioga.com.br\/wp-content\/uploads\/2024\/08\/2007-scaled.jpg\",\"contentUrl\":\"https:\/\/aikidobertioga.com.br\/wp-content\/uploads\/2024\/08\/2007-scaled.jpg\",\"width\":2560,\"height\":1711},{\"@type\":\"BreadcrumbList\",\"@id\":\"https:\/\/aikidobertioga.com.br\/index.php\/beneficios\/#breadcrumb\",\"itemListElement\":[{\"@type\":\"ListItem\",\"position\":1,\"name\":\"In\u00edcio\",\"item\":\"https:\/\/aikidobertioga.com.br\/\"},{\"@type\":\"ListItem\",\"position\":2,\"name\":\"Trabalha o fisico\"}]},{\"@type\":\"WebSite\",\"@id\":\"https:\/\/aikidobertioga.com.br\/#website\",\"url\":\"https:\/\/aikidobertioga.com.br\/\",\"name\":\"Aikido Bertioga\",\"description\":\"\",\"potentialAction\":[{\"@type\":\"SearchAction\",\"target\":{\"@type\":\"EntryPoint\",\"urlTemplate\":\"https:\/\/aikidobertioga.com.br\/?s={search_term_string}\"},\"query-input\":{\"@type\":\"PropertyValueSpecification\",\"valueRequired\":true,\"valueName\":\"search_term_string\"}}],\"inLanguage\":\"pt-BR\"}]}<\/script>\n<!-- \/ Yoast SEO plugin. -->","yoast_head_json":{"title":"Trabalha o fisico - Aikido Bertioga","robots":{"index":"index","follow":"follow","max-snippet":"max-snippet:-1","max-image-preview":"max-image-preview:large","max-video-preview":"max-video-preview:-1"},"canonical":"https:\/\/aikidobertioga.com.br\/index.php\/beneficios\/","og_locale":"pt_BR","og_type":"article","og_title":"Trabalha o fisico - Aikido Bertioga","og_description":"Trabalha o f\u00edsico e tonifica os m\u00fasculos A pr\u00e1tica do Aikido oferece uma ampla gama de benef\u00edcios para a sa\u00fade f\u00edsica e mental. Em primeiro lugar, melhora a coordena\u00e7\u00e3o e o equil\u00edbrio, ajudando a desenvolver um controle corporal preciso.\u00a0 Em segundo lugar, promove a flexibilidade e a for\u00e7a, contribuindo para uma condi\u00e7\u00e3o f\u00edsica em geral [&hellip;]","og_url":"https:\/\/aikidobertioga.com.br\/index.php\/beneficios\/","og_site_name":"Aikido Bertioga","article_modified_time":"2024-08-09T21:33:54+00:00","og_image":[{"url":"https:\/\/aikidobertioga.com.br\/wp-content\/uploads\/2024\/08\/2007-1024x685.jpg","type":"","width":"","height":""}],"twitter_card":"summary_large_image","twitter_misc":{"Est. tempo de leitura":"1 minuto"},"schema":{"@context":"https:\/\/schema.org","@graph":[{"@type":"WebPage","@id":"https:\/\/aikidobertioga.com.br\/index.php\/beneficios\/","url":"https:\/\/aikidobertioga.com.br\/index.php\/beneficios\/","name":"Trabalha o fisico - Aikido Bertioga","isPartOf":{"@id":"https:\/\/aikidobertioga.com.br\/#website"},"primaryImageOfPage":{"@id":"https:\/\/aikidobertioga.com.br\/index.php\/beneficios\/#primaryimage"},"image":{"@id":"https:\/\/aikidobertioga.com.br\/index.php\/beneficios\/#primaryimage"},"thumbnailUrl":"https:\/\/aikidobertioga.com.br\/wp-content\/uploads\/2024\/08\/2007-1024x685.jpg","datePublished":"2024-08-08T17:47:47+00:00","dateModified":"2024-08-09T21:33:54+00:00","breadcrumb":{"@id":"https:\/\/aikidobertioga.com.br\/index.php\/beneficios\/#breadcrumb"},"inLanguage":"pt-BR","potentialAction":[{"@type":"ReadAction","target":["https:\/\/aikidobertioga.com.br\/index.php\/beneficios\/"]}]},{"@type":"ImageObject","inLanguage":"pt-BR","@id":"https:\/\/aikidobertioga.com.br\/index.php\/beneficios\/#primaryimage","url":"https:\/\/aikidobertioga.com.br\/wp-content\/uploads\/2024\/08\/2007-scaled.jpg","contentUrl":"https:\/\/aikidobertioga.com.br\/wp-content\/uploads\/2024\/08\/2007-scaled.jpg","width":2560,"height":1711},{"@type":"BreadcrumbList","@id":"https:\/\/aikidobertioga.com.br\/index.php\/beneficios\/#breadcrumb","itemListElement":[{"@type":"ListItem","position":1,"name":"In\u00edcio","item":"https:\/\/aikidobertioga.com.br\/"},{"@type":"ListItem","position":2,"name":"Trabalha o fisico"}]},{"@type":"WebSite","@id":"https:\/\/aikidobertioga.com.br\/#website","url":"https:\/\/aikidobertioga.com.br\/","name":"Aikido Bertioga","description":"","potentialAction":[{"@type":"SearchAction","target":{"@type":"EntryPoint","urlTemplate":"https:\/\/aikidobertioga.com.br\/?s={search_term_string}"},"query-input":{"@type":"PropertyValueSpecification","valueRequired":true,"valueName":"search_term_string"}}],"inLanguage":"pt-BR"}]}},"_links":{"self":[{"href":"https:\/\/aikidobertioga.com.br\/index.php\/wp-json\/wp\/v2\/pages\/1378","targetHints":{"allow":["GET"]}}],"collection":[{"href":"https:\/\/aikidobertioga.com.br\/index.php\/wp-json\/wp\/v2\/pages"}],"about":[{"href":"https:\/\/aikidobertioga.com.br\/index.php\/wp-json\/wp\/v2\/types\/page"}],"author":[{"embeddable":true,"href":"https:\/\/aikidobertioga.com.br\/index.php\/wp-json\/wp\/v2\/users\/1"}],"replies":[{"embeddable":true,"href":"https:\/\/aikidobertioga.com.br\/index.php\/wp-json\/wp\/v2\/comments?post=1378"}],"version-history":[{"count":14,"href":"https:\/\/aikidobertioga.com.br\/index.php\/wp-json\/wp\/v2\/pages\/1378\/revisions"}],"predecessor-version":[{"id":1771,"href":"https:\/\/aikidobertioga.com.br\/index.php\/wp-json\/wp\/v2\/pages\/1378\/revisions\/1771"}],"wp:attachment":[{"href":"https:\/\/aikidobertioga.com.br\/index.php\/wp-json\/wp\/v2\/media?parent=1378"}],"curies":[{"name":"wp","href":"https:\/\/api.w.org\/{rel}","templated":true}]}}