{"id":1573,"date":"2024-08-09T15:31:12","date_gmt":"2024-08-09T18:31:12","guid":{"rendered":"https:\/\/aikidobertioga.com.br\/?page_id=1573"},"modified":"2024-08-09T18:25:07","modified_gmt":"2024-08-09T21:25:07","slug":"graduados","status":"publish","type":"page","link":"https:\/\/aikidobertioga.com.br\/index.php\/graduados\/","title":{"rendered":"Graduados"},"content":{"rendered":"\t\t<div data-elementor-type=\"wp-page\" data-elementor-id=\"1573\" class=\"elementor elementor-1573\">\n\t\t\t\t<div class=\"elementor-element elementor-element-c833692 e-flex e-con-boxed e-con e-parent\" data-id=\"c833692\" data-element_type=\"container\" data-e-type=\"container\">\n\t\t\t\t\t<div class=\"e-con-inner\">\n\t\t<div class=\"elementor-element elementor-element-b6089fe e-con-full e-flex e-con e-child\" data-id=\"b6089fe\" data-element_type=\"container\" data-e-type=\"container\">\n\t\t\t\t<div class=\"elementor-element elementor-element-22067b8 elementor-widget elementor-widget-heading\" data-id=\"22067b8\" data-element_type=\"widget\" data-e-type=\"widget\" data-widget_type=\"heading.default\">\n\t\t\t\t<div class=\"elementor-widget-container\">\n\t\t\t\t\t<h2 class=\"elementor-heading-title elementor-size-default\">Graduados<\/h2>\t\t\t\t<\/div>\n\t\t\t\t<\/div>\n\t\t\t\t<\/div>\n\t\t\t\t\t<\/div>\n\t\t\t\t<\/div>\n\t\t<div class=\"elementor-element elementor-element-f9d51c9 e-flex e-con-boxed e-con e-parent\" data-id=\"f9d51c9\" data-element_type=\"container\" data-e-type=\"container\">\n\t\t\t\t\t<div class=\"e-con-inner\">\n\t\t<div class=\"elementor-element elementor-element-310be28 e-con-full e-flex e-con e-child\" data-id=\"310be28\" data-element_type=\"container\" data-e-type=\"container\">\n\t\t\t\t<div class=\"elementor-element elementor-element-013ef44 elementor-widget elementor-widget-text-editor\" data-id=\"013ef44\" data-element_type=\"widget\" data-e-type=\"widget\" data-widget_type=\"text-editor.default\">\n\t\t\t\t<div class=\"elementor-widget-container\">\n\t\t\t\t\t\t\t\t\t<p>As aulas de graduados no Aikido s\u00e3o projetadas para aprofundar o conhecimento t\u00e9cnico e filos\u00f3fico dos praticantes que j\u00e1 alcan\u00e7aram um n\u00edvel avan\u00e7ado na arte. Desde o in\u00edcio da aula, os graduados s\u00e3o incentivados a refinar suas habilidades com um foco mais detalhado nos princ\u00edpios subjacentes ao Aikido, como o timing, a dist\u00e2ncia (maai), e o uso eficiente da energia. As t\u00e9cnicas s\u00e3o exploradas em maior profundidade, com \u00eanfase na precis\u00e3o e na fluidez dos movimentos, permitindo que os praticantes avancem em sua compreens\u00e3o do Aikido de forma mais completa.<\/p>\n<p><!-- \/wp:paragraph --><!-- wp:paragraph --><\/p>\n<p>O ritmo das aulas para graduados tende a ser mais acelerado e exigente em compara\u00e7\u00e3o com as aulas para iniciantes. Os praticantes s\u00e3o frequentemente desafiados a executar t\u00e9cnicas complexas e combina\u00e7\u00f5es de movimentos que exigem maior coordena\u00e7\u00e3o e controle. Al\u00e9m disso, h\u00e1 uma expectativa de que os alunos sejam capazes de realizar transi\u00e7\u00f5es suaves entre t\u00e9cnicas diferentes, mantendo sempre a harmonia e o fluxo cont\u00ednuo. Este ambiente de alta intensidade ajuda os graduados a desenvolverem uma pr\u00e1tica mais s\u00f3lida e refinada.<\/p>\n<p><!-- \/wp:paragraph --><!-- wp:paragraph --><\/p>\n<p>Um aspecto central das aulas de graduados \u00e9 a pr\u00e1tica do randori, ou defesa contra m\u00faltiplos oponentes. Esta pr\u00e1tica desafia os praticantes a aplicar suas t\u00e9cnicas em situa\u00e7\u00f5es din\u00e2micas e imprevis\u00edveis, exigindo uma compreens\u00e3o profunda dos princ\u00edpios do Aikido. No randori, os graduados devem manter a calma e a clareza mental, mesmo quando confrontados com ataques simult\u00e2neos de v\u00e1rias dire\u00e7\u00f5es. Esta pr\u00e1tica n\u00e3o apenas fortalece as habilidades t\u00e9cnicas, mas tamb\u00e9m desenvolve a resili\u00eancia e a capacidade de tomar decis\u00f5es r\u00e1pidas e eficazes.<\/p>\t\t\t\t\t\t\t\t<\/div>\n\t\t\t\t<\/div>\n\t\t\t\t<\/div>\n\t\t<div class=\"elementor-element elementor-element-2ca38fc e-con-full e-flex e-con e-child\" data-id=\"2ca38fc\" data-element_type=\"container\" data-e-type=\"container\">\n\t\t\t\t<div class=\"elementor-element elementor-element-3c90dda elementor-widget elementor-widget-image\" data-id=\"3c90dda\" data-element_type=\"widget\" data-e-type=\"widget\" data-widget_type=\"image.default\">\n\t\t\t\t<div class=\"elementor-widget-container\">\n\t\t\t\t\t\t\t\t\t\t\t\t\t\t\t<img fetchpriority=\"high\" decoding=\"async\" width=\"800\" height=\"600\" src=\"https:\/\/aikidobertioga.com.br\/wp-content\/uploads\/2024\/08\/15.jpeg\" class=\"attachment-large size-large wp-image-1745\" alt=\"\" srcset=\"https:\/\/aikidobertioga.com.br\/wp-content\/uploads\/2024\/08\/15.jpeg 1000w, https:\/\/aikidobertioga.com.br\/wp-content\/uploads\/2024\/08\/15-300x225.jpeg 300w, https:\/\/aikidobertioga.com.br\/wp-content\/uploads\/2024\/08\/15-768x576.jpeg 768w\" sizes=\"(max-width: 800px) 100vw, 800px\" \/>\t\t\t\t\t\t\t\t\t\t\t\t\t\t\t<\/div>\n\t\t\t\t<\/div>\n\t\t\t\t<\/div>\n\t\t\t\t\t<\/div>\n\t\t\t\t<\/div>\n\t\t<div class=\"elementor-element elementor-element-a48f53e e-flex e-con-boxed e-con e-parent\" data-id=\"a48f53e\" data-element_type=\"container\" data-e-type=\"container\">\n\t\t\t\t\t<div class=\"e-con-inner\">\n\t\t<div class=\"elementor-element elementor-element-4ce5860 e-con-full e-flex e-con e-child\" data-id=\"4ce5860\" data-element_type=\"container\" data-e-type=\"container\">\n\t\t<div class=\"elementor-element elementor-element-69cd739 e-con-full e-flex e-con e-child\" data-id=\"69cd739\" data-element_type=\"container\" data-e-type=\"container\">\n\t\t\t\t<div class=\"elementor-element elementor-element-36bfd82 elementor-widget elementor-widget-button\" data-id=\"36bfd82\" data-element_type=\"widget\" data-e-type=\"widget\" data-widget_type=\"button.default\">\n\t\t\t\t<div class=\"elementor-widget-container\">\n\t\t\t\t\t\t\t\t\t<div class=\"elementor-button-wrapper\">\n\t\t\t\t\t<a class=\"elementor-button elementor-button-link elementor-size-sm\" href=\"https:\/\/aikidobertioga.com.br\/\">\n\t\t\t\t\t\t<span class=\"elementor-button-content-wrapper\">\n\t\t\t\t\t\t\t\t\t<span class=\"elementor-button-text\">Voltar para Home<\/span>\n\t\t\t\t\t<\/span>\n\t\t\t\t\t<\/a>\n\t\t\t\t<\/div>\n\t\t\t\t\t\t\t\t<\/div>\n\t\t\t\t<\/div>\n\t\t\t\t<\/div>\n\t\t\t\t<\/div>\n\t\t\t\t\t<\/div>\n\t\t\t\t<\/div>\n\t\t\t\t<\/div>\n\t\t","protected":false},"excerpt":{"rendered":"<p>Graduados As aulas de graduados no Aikido s\u00e3o projetadas para aprofundar o conhecimento t\u00e9cnico e filos\u00f3fico dos praticantes que j\u00e1 alcan\u00e7aram um n\u00edvel avan\u00e7ado na arte. Desde o in\u00edcio da aula, os graduados s\u00e3o incentivados a refinar suas habilidades com um foco mais detalhado nos princ\u00edpios subjacentes ao Aikido, como o timing, a dist\u00e2ncia (maai), [&hellip;]<\/p>\n","protected":false},"author":1,"featured_media":0,"parent":0,"menu_order":0,"comment_status":"closed","ping_status":"closed","template":"","meta":{"_joinchat":[],"footnotes":""},"class_list":["post-1573","page","type-page","status-publish","hentry"],"yoast_head":"<!-- This site is optimized with the Yoast SEO plugin v26.9 - https:\/\/yoast.com\/product\/yoast-seo-wordpress\/ -->\n<title>Graduados - Aikido Bertioga<\/title>\n<meta name=\"robots\" content=\"index, follow, max-snippet:-1, max-image-preview:large, max-video-preview:-1\" \/>\n<link rel=\"canonical\" href=\"https:\/\/aikidobertioga.com.br\/index.php\/graduados\/\" \/>\n<meta property=\"og:locale\" content=\"pt_BR\" \/>\n<meta property=\"og:type\" content=\"article\" \/>\n<meta property=\"og:title\" content=\"Graduados - Aikido Bertioga\" \/>\n<meta property=\"og:description\" content=\"Graduados As aulas de graduados no Aikido s\u00e3o projetadas para aprofundar o conhecimento t\u00e9cnico e filos\u00f3fico dos praticantes que j\u00e1 alcan\u00e7aram um n\u00edvel avan\u00e7ado na arte. Desde o in\u00edcio da aula, os graduados s\u00e3o incentivados a refinar suas habilidades com um foco mais detalhado nos princ\u00edpios subjacentes ao Aikido, como o timing, a dist\u00e2ncia (maai), [&hellip;]\" \/>\n<meta property=\"og:url\" content=\"https:\/\/aikidobertioga.com.br\/index.php\/graduados\/\" \/>\n<meta property=\"og:site_name\" content=\"Aikido Bertioga\" \/>\n<meta property=\"article:modified_time\" content=\"2024-08-09T21:25:07+00:00\" \/>\n<meta property=\"og:image\" content=\"https:\/\/aikidobertioga.com.br\/wp-content\/uploads\/2024\/08\/15.jpeg\" \/>\n<meta name=\"twitter:card\" content=\"summary_large_image\" \/>\n<meta name=\"twitter:label1\" content=\"Est. tempo de leitura\" \/>\n\t<meta name=\"twitter:data1\" content=\"2 minutos\" \/>\n<script type=\"application\/ld+json\" class=\"yoast-schema-graph\">{\"@context\":\"https:\/\/schema.org\",\"@graph\":[{\"@type\":\"WebPage\",\"@id\":\"https:\/\/aikidobertioga.com.br\/index.php\/graduados\/\",\"url\":\"https:\/\/aikidobertioga.com.br\/index.php\/graduados\/\",\"name\":\"Graduados - Aikido Bertioga\",\"isPartOf\":{\"@id\":\"https:\/\/aikidobertioga.com.br\/#website\"},\"primaryImageOfPage\":{\"@id\":\"https:\/\/aikidobertioga.com.br\/index.php\/graduados\/#primaryimage\"},\"image\":{\"@id\":\"https:\/\/aikidobertioga.com.br\/index.php\/graduados\/#primaryimage\"},\"thumbnailUrl\":\"https:\/\/aikidobertioga.com.br\/wp-content\/uploads\/2024\/08\/15.jpeg\",\"datePublished\":\"2024-08-09T18:31:12+00:00\",\"dateModified\":\"2024-08-09T21:25:07+00:00\",\"breadcrumb\":{\"@id\":\"https:\/\/aikidobertioga.com.br\/index.php\/graduados\/#breadcrumb\"},\"inLanguage\":\"pt-BR\",\"potentialAction\":[{\"@type\":\"ReadAction\",\"target\":[\"https:\/\/aikidobertioga.com.br\/index.php\/graduados\/\"]}]},{\"@type\":\"ImageObject\",\"inLanguage\":\"pt-BR\",\"@id\":\"https:\/\/aikidobertioga.com.br\/index.php\/graduados\/#primaryimage\",\"url\":\"https:\/\/aikidobertioga.com.br\/wp-content\/uploads\/2024\/08\/15.jpeg\",\"contentUrl\":\"https:\/\/aikidobertioga.com.br\/wp-content\/uploads\/2024\/08\/15.jpeg\",\"width\":1000,\"height\":750},{\"@type\":\"BreadcrumbList\",\"@id\":\"https:\/\/aikidobertioga.com.br\/index.php\/graduados\/#breadcrumb\",\"itemListElement\":[{\"@type\":\"ListItem\",\"position\":1,\"name\":\"In\u00edcio\",\"item\":\"https:\/\/aikidobertioga.com.br\/\"},{\"@type\":\"ListItem\",\"position\":2,\"name\":\"Graduados\"}]},{\"@type\":\"WebSite\",\"@id\":\"https:\/\/aikidobertioga.com.br\/#website\",\"url\":\"https:\/\/aikidobertioga.com.br\/\",\"name\":\"Aikido Bertioga\",\"description\":\"\",\"potentialAction\":[{\"@type\":\"SearchAction\",\"target\":{\"@type\":\"EntryPoint\",\"urlTemplate\":\"https:\/\/aikidobertioga.com.br\/?s={search_term_string}\"},\"query-input\":{\"@type\":\"PropertyValueSpecification\",\"valueRequired\":true,\"valueName\":\"search_term_string\"}}],\"inLanguage\":\"pt-BR\"}]}<\/script>\n<!-- \/ Yoast SEO plugin. -->","yoast_head_json":{"title":"Graduados - Aikido Bertioga","robots":{"index":"index","follow":"follow","max-snippet":"max-snippet:-1","max-image-preview":"max-image-preview:large","max-video-preview":"max-video-preview:-1"},"canonical":"https:\/\/aikidobertioga.com.br\/index.php\/graduados\/","og_locale":"pt_BR","og_type":"article","og_title":"Graduados - Aikido Bertioga","og_description":"Graduados As aulas de graduados no Aikido s\u00e3o projetadas para aprofundar o conhecimento t\u00e9cnico e filos\u00f3fico dos praticantes que j\u00e1 alcan\u00e7aram um n\u00edvel avan\u00e7ado na arte. Desde o in\u00edcio da aula, os graduados s\u00e3o incentivados a refinar suas habilidades com um foco mais detalhado nos princ\u00edpios subjacentes ao Aikido, como o timing, a dist\u00e2ncia (maai), [&hellip;]","og_url":"https:\/\/aikidobertioga.com.br\/index.php\/graduados\/","og_site_name":"Aikido Bertioga","article_modified_time":"2024-08-09T21:25:07+00:00","og_image":[{"url":"https:\/\/aikidobertioga.com.br\/wp-content\/uploads\/2024\/08\/15.jpeg","type":"","width":"","height":""}],"twitter_card":"summary_large_image","twitter_misc":{"Est. tempo de leitura":"2 minutos"},"schema":{"@context":"https:\/\/schema.org","@graph":[{"@type":"WebPage","@id":"https:\/\/aikidobertioga.com.br\/index.php\/graduados\/","url":"https:\/\/aikidobertioga.com.br\/index.php\/graduados\/","name":"Graduados - Aikido Bertioga","isPartOf":{"@id":"https:\/\/aikidobertioga.com.br\/#website"},"primaryImageOfPage":{"@id":"https:\/\/aikidobertioga.com.br\/index.php\/graduados\/#primaryimage"},"image":{"@id":"https:\/\/aikidobertioga.com.br\/index.php\/graduados\/#primaryimage"},"thumbnailUrl":"https:\/\/aikidobertioga.com.br\/wp-content\/uploads\/2024\/08\/15.jpeg","datePublished":"2024-08-09T18:31:12+00:00","dateModified":"2024-08-09T21:25:07+00:00","breadcrumb":{"@id":"https:\/\/aikidobertioga.com.br\/index.php\/graduados\/#breadcrumb"},"inLanguage":"pt-BR","potentialAction":[{"@type":"ReadAction","target":["https:\/\/aikidobertioga.com.br\/index.php\/graduados\/"]}]},{"@type":"ImageObject","inLanguage":"pt-BR","@id":"https:\/\/aikidobertioga.com.br\/index.php\/graduados\/#primaryimage","url":"https:\/\/aikidobertioga.com.br\/wp-content\/uploads\/2024\/08\/15.jpeg","contentUrl":"https:\/\/aikidobertioga.com.br\/wp-content\/uploads\/2024\/08\/15.jpeg","width":1000,"height":750},{"@type":"BreadcrumbList","@id":"https:\/\/aikidobertioga.com.br\/index.php\/graduados\/#breadcrumb","itemListElement":[{"@type":"ListItem","position":1,"name":"In\u00edcio","item":"https:\/\/aikidobertioga.com.br\/"},{"@type":"ListItem","position":2,"name":"Graduados"}]},{"@type":"WebSite","@id":"https:\/\/aikidobertioga.com.br\/#website","url":"https:\/\/aikidobertioga.com.br\/","name":"Aikido Bertioga","description":"","potentialAction":[{"@type":"SearchAction","target":{"@type":"EntryPoint","urlTemplate":"https:\/\/aikidobertioga.com.br\/?s={search_term_string}"},"query-input":{"@type":"PropertyValueSpecification","valueRequired":true,"valueName":"search_term_string"}}],"inLanguage":"pt-BR"}]}},"_links":{"self":[{"href":"https:\/\/aikidobertioga.com.br\/index.php\/wp-json\/wp\/v2\/pages\/1573","targetHints":{"allow":["GET"]}}],"collection":[{"href":"https:\/\/aikidobertioga.com.br\/index.php\/wp-json\/wp\/v2\/pages"}],"about":[{"href":"https:\/\/aikidobertioga.com.br\/index.php\/wp-json\/wp\/v2\/types\/page"}],"author":[{"embeddable":true,"href":"https:\/\/aikidobertioga.com.br\/index.php\/wp-json\/wp\/v2\/users\/1"}],"replies":[{"embeddable":true,"href":"https:\/\/aikidobertioga.com.br\/index.php\/wp-json\/wp\/v2\/comments?post=1573"}],"version-history":[{"count":13,"href":"https:\/\/aikidobertioga.com.br\/index.php\/wp-json\/wp\/v2\/pages\/1573\/revisions"}],"predecessor-version":[{"id":1754,"href":"https:\/\/aikidobertioga.com.br\/index.php\/wp-json\/wp\/v2\/pages\/1573\/revisions\/1754"}],"wp:attachment":[{"href":"https:\/\/aikidobertioga.com.br\/index.php\/wp-json\/wp\/v2\/media?parent=1573"}],"curies":[{"name":"wp","href":"https:\/\/api.w.org\/{rel}","templated":true}]}}